{"id":1394,"date":"2022-10-11T13:08:45","date_gmt":"2022-10-11T13:08:45","guid":{"rendered":"https:\/\/climigrant.org\/formation\/?page_id=1394"},"modified":"2025-04-16T18:07:45","modified_gmt":"2025-04-16T18:07:45","slug":"financement","status":"publish","type":"page","link":"https:\/\/climigrant.org\/formation\/la-formation\/financement\/","title":{"rendered":"Financement"},"content":{"rendered":"\t\t<div data-elementor-type=\"wp-page\" data-elementor-id=\"1394\" class=\"elementor elementor-1394\" data-elementor-post-type=\"page\">\n\t\t\t\t\t\t<section class=\"elementor-section elementor-top-section elementor-element elementor-element-6ffd762e elementor-section-boxed elementor-section-height-default elementor-section-height-default\" data-id=\"6ffd762e\" data-element_type=\"section\" data-e-type=\"section\">\n\t\t\t\t\t\t<div class=\"elementor-container elementor-column-gap-default\">\n\t\t\t\t\t<div class=\"elementor-column elementor-col-100 elementor-top-column elementor-element elementor-element-287d4dc4\" data-id=\"287d4dc4\" data-element_type=\"column\" data-e-type=\"column\">\n\t\t\t<div class=\"elementor-widget-wrap elementor-element-populated\">\n\t\t\t\t\t\t<div class=\"elementor-element elementor-element-7f04941 elementor-widget elementor-widget-text-editor\" data-id=\"7f04941\" data-element_type=\"widget\" data-e-type=\"widget\" data-widget_type=\"text-editor.default\">\n\t\t\t\t<div class=\"elementor-widget-container\">\n\t\t\t\t\t\t\t\t\t<p>Le projet est soutenu par l\u2019axe \u00c9thique et l\u2019axe Sant\u00e9 mondiale du <span style=\"text-decoration: underline;\"><strong><a href=\"https:\/\/www.santepop.qc.ca\/\" target=\"_blank\" rel=\"noopener\">R\u00e9seau de recherche en sant\u00e9 des populations du Qu\u00e9bec (RRSPQ)<\/a><\/strong><\/span> et <strong>l\u2019Universit\u00e9 de<\/strong><br \/><strong>Montr\u00e9al<\/strong> (subvention des Fonds des projets sp\u00e9ciaux du Vice-rectorat \u00e0 la recherche, \u00e0 la d\u00e9couverte, \u00e0 la cr\u00e9ation et \u00e0 l\u2019innovation).<\/p>\t\t\t\t\t\t\t\t<\/div>\n\t\t\t\t<\/div>\n\t\t\t\t\t<\/div>\n\t\t<\/div>\n\t\t\t\t\t<\/div>\n\t\t<\/section>\n\t\t\t\t<section class=\"elementor-section elementor-top-section elementor-element elementor-element-1ddfe52 elementor-section-content-middle elementor-section-boxed elementor-section-height-default elementor-section-height-default\" data-id=\"1ddfe52\" data-element_type=\"section\" data-e-type=\"section\">\n\t\t\t\t\t\t<div class=\"elementor-container elementor-column-gap-default\">\n\t\t\t\t\t<div class=\"elementor-column elementor-col-33 elementor-top-column elementor-element elementor-element-21e06e8\" data-id=\"21e06e8\" data-element_type=\"column\" data-e-type=\"column\">\n\t\t\t<div class=\"elementor-widget-wrap elementor-element-populated\">\n\t\t\t\t\t\t<div class=\"elementor-element elementor-element-50d20b3 elementor-widget elementor-widget-image\" data-id=\"50d20b3\" data-element_type=\"widget\" data-e-type=\"widget\" data-widget_type=\"image.default\">\n\t\t\t\t<div class=\"elementor-widget-container\">\n\t\t\t\t\t\t\t\t\t\t\t\t\t\t\t<img decoding=\"async\" src=\"https:\/\/climigrant.org\/formation\/wp-content\/uploads\/elementor\/thumbs\/santepop-FR-q804r7l9886bm5djb6wwouh8zjubzche6fco39ersk.png\" title=\"santepop FR\" alt=\"santepop FR\" loading=\"lazy\" \/>\t\t\t\t\t\t\t\t\t\t\t\t\t\t\t<\/div>\n\t\t\t\t<\/div>\n\t\t\t\t\t<\/div>\n\t\t<\/div>\n\t\t\t\t<div class=\"elementor-column elementor-col-33 elementor-top-column elementor-element elementor-element-b453602\" data-id=\"b453602\" data-element_type=\"column\" data-e-type=\"column\">\n\t\t\t<div class=\"elementor-widget-wrap elementor-element-populated\">\n\t\t\t\t\t\t<div class=\"elementor-element elementor-element-880e67c elementor-widget elementor-widget-image\" data-id=\"880e67c\" data-element_type=\"widget\" data-e-type=\"widget\" data-widget_type=\"image.default\">\n\t\t\t\t<div class=\"elementor-widget-container\">\n\t\t\t\t\t\t\t\t\t\t\t\t\t\t\t<img decoding=\"async\" src=\"https:\/\/climigrant.org\/formation\/wp-content\/uploads\/elementor\/thumbs\/frq_logo_couleur-r0mr24k6xw083e0b627vpfg2g5vq8fgd7wfzqv273o.png\" title=\"frq_logo_couleur\" alt=\"frq_logo_couleur\" loading=\"lazy\" \/>\t\t\t\t\t\t\t\t\t\t\t\t\t\t\t<\/div>\n\t\t\t\t<\/div>\n\t\t\t\t\t<\/div>\n\t\t<\/div>\n\t\t\t\t<div class=\"elementor-column elementor-col-33 elementor-top-column elementor-element elementor-element-e7d0eaa\" data-id=\"e7d0eaa\" data-element_type=\"column\" data-e-type=\"column\">\n\t\t\t<div class=\"elementor-widget-wrap elementor-element-populated\">\n\t\t\t\t\t\t<div class=\"elementor-element elementor-element-12c7c09 elementor-widget elementor-widget-image\" data-id=\"12c7c09\" data-element_type=\"widget\" data-e-type=\"widget\" data-widget_type=\"image.default\">\n\t\t\t\t<div class=\"elementor-widget-container\">\n\t\t\t\t\t\t\t\t\t\t\t\t\t\t\t<img decoding=\"async\" src=\"https:\/\/climigrant.org\/formation\/wp-content\/uploads\/elementor\/thumbs\/Universite_de_Montreal_logo.svg_-r0mr22ohyajpvgobfmb9ryeyxn9a43mmwhlcq35uv0.png\" title=\"Universite_de_Montreal_logo.svg\" alt=\"Universite_de_Montreal_logo.svg\" loading=\"lazy\" \/>\t\t\t\t\t\t\t\t\t\t\t\t\t\t\t<\/div>\n\t\t\t\t<\/div>\n\t\t\t\t\t<\/div>\n\t\t<\/div>\n\t\t\t\t\t<\/div>\n\t\t<\/section>\n\t\t\t\t<section class=\"elementor-section elementor-top-section elementor-element elementor-element-2a416a1 elementor-section-boxed elementor-section-height-default elementor-section-height-default\" data-id=\"2a416a1\" data-element_type=\"section\" data-e-type=\"section\">\n\t\t\t\t\t\t<div class=\"elementor-container elementor-column-gap-default\">\n\t\t\t\t\t<div class=\"elementor-column elementor-col-100 elementor-top-column elementor-element elementor-element-c04893c\" data-id=\"c04893c\" data-element_type=\"column\" data-e-type=\"column\">\n\t\t\t<div class=\"elementor-widget-wrap elementor-element-populated\">\n\t\t\t\t\t\t<div class=\"elementor-element elementor-element-861c2df elementor-widget elementor-widget-text-editor\" data-id=\"861c2df\" data-element_type=\"widget\" data-e-type=\"widget\" data-widget_type=\"text-editor.default\">\n\t\t\t\t<div class=\"elementor-widget-container\">\n\t\t\t\t\t\t\t\t\t<p>Cr\u00e9\u00e9 en 2002 et financ\u00e9 par le <strong><span style=\"text-decoration: underline;\"><a href=\"https:\/\/frq.gouv.qc.ca\/sante\/\" target=\"_blank\" rel=\"noopener\">Fonds de recherche du Qu\u00e9bec \u2013 Sant\u00e9 (FRQS)<\/a><\/span><\/strong>, le RRSPQ regroupe des chercheur\u00b7se\u00b7s qui travaillent en sant\u00e9 des populations. Ses efforts visent \u00e0 identifier, comprendre et agir sur les d\u00e9terminants sociaux de la sant\u00e9 et \u00e0 maximiser les retomb\u00e9es de la recherche dans les milieux de pratique ainsi que dans les milieux d\u2019\u00e9laboration des politiques publiques li\u00e9es au syst\u00e8me de sant\u00e9 et la sant\u00e9 des populations.<\/p>\t\t\t\t\t\t\t\t<\/div>\n\t\t\t\t<\/div>\n\t\t\t\t\t<\/div>\n\t\t<\/div>\n\t\t\t\t\t<\/div>\n\t\t<\/section>\n\t\t\t\t<\/div>\n\t\t","protected":false},"excerpt":{"rendered":"<p>Le projet est soutenu par l\u2019axe \u00c9thique et l\u2019axe Sant\u00e9 mondiale du R\u00e9seau de recherche en sant\u00e9 des populations du Qu\u00e9bec (RRSPQ) et l\u2019Universit\u00e9 deMontr\u00e9al (subvention des Fonds des projets sp\u00e9ciaux du Vice-rectorat \u00e0 la recherche, \u00e0 la d\u00e9couverte, \u00e0 la cr\u00e9ation et \u00e0 l\u2019innovation). Cr\u00e9\u00e9 en 2002 et financ\u00e9 par le Fonds de recherche&#8230;<\/p>\n","protected":false},"author":1,"featured_media":0,"parent":1396,"menu_order":0,"comment_status":"closed","ping_status":"closed","template":"","meta":{"footnotes":""},"class_list":["post-1394","page","type-page","status-publish","hentry"],"_links":{"self":[{"href":"https:\/\/climigrant.org\/formation\/wp-json\/wp\/v2\/pages\/1394","targetHints":{"allow":["GET"]}}],"collection":[{"href":"https:\/\/climigrant.org\/formation\/wp-json\/wp\/v2\/pages"}],"about":[{"href":"https:\/\/climigrant.org\/formation\/wp-json\/wp\/v2\/types\/page"}],"author":[{"embeddable":true,"href":"https:\/\/climigrant.org\/formation\/wp-json\/wp\/v2\/users\/1"}],"replies":[{"embeddable":true,"href":"https:\/\/climigrant.org\/formation\/wp-json\/wp\/v2\/comments?post=1394"}],"version-history":[{"count":24,"href":"https:\/\/climigrant.org\/formation\/wp-json\/wp\/v2\/pages\/1394\/revisions"}],"predecessor-version":[{"id":12258,"href":"https:\/\/climigrant.org\/formation\/wp-json\/wp\/v2\/pages\/1394\/revisions\/12258"}],"up":[{"embeddable":true,"href":"https:\/\/climigrant.org\/formation\/wp-json\/wp\/v2\/pages\/1396"}],"wp:attachment":[{"href":"https:\/\/climigrant.org\/formation\/wp-json\/wp\/v2\/media?parent=1394"}],"curies":[{"name":"wp","href":"https:\/\/api.w.org\/{rel}","templated":true}]}}